{"id":13140,"date":"2017-03-22T11:43:10","date_gmt":"2017-03-22T11:43:10","guid":{"rendered":"http:\/\/www.cklcomunicaciones.es\/aviso-legal\/"},"modified":"2024-08-28T14:58:34","modified_gmt":"2024-08-28T12:58:34","slug":"legal-notice","status":"publish","type":"page","link":"https:\/\/cklcomunicaciones.es\/coop\/en\/legal-notice\/","title":{"rendered":"Legal Notice and Privacy Police"},"content":{"rendered":"<div id=\"pl-13140\"  class=\"panel-layout\" >\n<div id=\"pg-13140-0\"  class=\"panel-grid panel-no-style\"  data-style=\"{&quot;background_display&quot;:&quot;tile&quot;,&quot;lsow_dark_bg&quot;:&quot;&quot;,&quot;cell_alignment&quot;:&quot;flex-start&quot;}\" >\n<div id=\"pgc-13140-0-0\"  class=\"panel-grid-cell panel-grid-cell-empty\"  data-weight=\"0.1\" ><\/div>\n<div id=\"pgc-13140-0-1\"  class=\"panel-grid-cell panel-grid-cell-mobile-last\"  data-weight=\"0.8\" >\n<div id=\"panel-13140-0-1-0\" class=\"so-panel widget widget_sow-editor panel-first-child\" data-index=\"0\" data-style=\"{&quot;background_image_attachment&quot;:false,&quot;background_display&quot;:&quot;tile&quot;}\" >\n<div class=\"so-widget-sow-editor so-widget-sow-editor-base\">\n<div class=\"siteorigin-widget-tinymce textwidget\">\n<h2 style=\"text-align: center;\"><strong>Legal Notice and Privacy Police<\/strong><\/h2>\n<\/div>\n<\/div>\n<\/div>\n<div id=\"panel-13140-0-1-1\" class=\"so-panel widget widget_sow-editor panel-last-child\" data-index=\"1\" data-style=\"{&quot;background_image_attachment&quot;:false,&quot;background_display&quot;:&quot;tile&quot;}\" >\n<div class=\"so-widget-sow-editor so-widget-sow-editor-base\">\n<div class=\"siteorigin-widget-tinymce textwidget\">\n<h3 style=\"text-align: center;\"><span style=\"font-weight: 400;\">Legal Notice and Privacy Police<\/span><\/h3>\n<h3 class=\"p3\" style=\"text-align: center;\">\u00a0<\/h3>\n<p><span style=\"font-weight: 400;\">In compliance with the Spanish laws, we inform you that this website, its content and structure, are copyrighted by CKL Comunicaciones Coop, company located in Seville, Andalusia, Spain.<\/span><\/p>\n<p><span style=\"font-weight: 400;\">CKL Comunicaciones Coop is the owner of the domain names and website that is reached through the following address: https:\/\/cklcomunicaciones.es\/coop<\/span><\/p>\n<p><span style=\"font-weight: 400;\">CKL Comunicaciones Coop expressly reserves the right to modify without prior notice, the design, composition and \/ or configuration of its website, as well as all or some of the services.<\/span><\/p>\n<p><span style=\"font-weight: 400;\">Links and hypertext included CKL Communications website that provide access the User to services and services offered by third parties, do not belong to or are under the control of CKL Communications, so the company is not responsible for the information contained therein or for any effects that may arise from said information.<\/span><\/p>\n<p><span style=\"font-weight: 400;\">For any questions or queries about this cookie policy, please do not hesitate to contact us through <a href=\"https:\/\/cklcomunicaciones.es\/coop\/en\/contact\/\">Contact<\/a> <\/span><span style=\"font-weight: 400;\">.<\/span><\/p>\n<p><span style=\"font-weight: 400;\">You are invited to read\u00a0our legal advice, terms\u00a0of\u00a0usage, and privacy policy (in Spanish). <a href=\"https:\/\/cklcomunicaciones.es\/coop\/aviso-legal\/\">More info <\/a><\/span><\/p>\n<\/div>\n<\/div>\n<\/div>\n<\/div>\n<div id=\"pgc-13140-0-2\"  class=\"panel-grid-cell panel-grid-cell-empty\"  data-weight=\"0.1\" ><\/div>\n<\/div>\n<\/div>\n","protected":false},"excerpt":{"rendered":"<p>Legal Notice and Privacy Police Legal Notice and Privacy Police <a href=\"https:\/\/cklcomunicaciones.es\/coop\/en\/legal-notice\/\">[&#8230;]<\/a><\/p>\n","protected":false},"author":3,"featured_media":0,"parent":0,"menu_order":0,"comment_status":"closed","ping_status":"closed","template":"","meta":{"footnotes":""},"class_list":["post-13140","page","type-page","status-publish","hentry"],"yoast_head":"<!-- This site is optimized with the Yoast SEO plugin v27.3 - https:\/\/yoast.com\/product\/yoast-seo-wordpress\/ -->\n<title>Aviso Legal y Pol\u00edtica de privacidad - CKL Comunicaciones Coop<\/title>\n<meta name=\"description\" content=\"Aviso legal y pol\u00edtica de privacidad en sitio web de CKL Comunicaciones Coop en cumplimiento de la legislaci\u00f3n vigente, como es preceptivo\" \/>\n<meta name=\"robots\" content=\"index, follow, max-snippet:-1, max-image-preview:large, max-video-preview:-1\" \/>\n<link rel=\"canonical\" href=\"https:\/\/cklcomunicaciones.es\/coop\/en\/legal-notice\/\" \/>\n<meta property=\"og:locale\" content=\"es_ES\" \/>\n<meta property=\"og:type\" content=\"article\" \/>\n<meta property=\"og:title\" content=\"Aviso Legal y Pol\u00edtica de privacidad - CKL Comunicaciones Coop\" \/>\n<meta property=\"og:description\" content=\"Aviso legal y pol\u00edtica de privacidad en sitio web de CKL Comunicaciones Coop en cumplimiento de la legislaci\u00f3n vigente, como es preceptivo\" \/>\n<meta property=\"og:url\" content=\"https:\/\/cklcomunicaciones.es\/coop\/en\/legal-notice\/\" \/>\n<meta property=\"og:site_name\" content=\"CKL Comunicaciones\" \/>\n<meta property=\"article:modified_time\" content=\"2024-08-28T12:58:34+00:00\" \/>\n<meta property=\"og:image\" content=\"https:\/\/cklcomunicaciones.es\/coop\/wp-content\/uploads\/2021\/04\/CKL-MiradaDistinta-newsletter2021_1200-x-675.jpg\" \/>\n\t<meta property=\"og:image:width\" content=\"1200\" \/>\n\t<meta property=\"og:image:height\" content=\"676\" \/>\n\t<meta property=\"og:image:type\" content=\"image\/jpeg\" \/>\n<meta name=\"twitter:card\" content=\"summary_large_image\" \/>\n<meta name=\"twitter:label1\" content=\"Tiempo de lectura\" \/>\n\t<meta name=\"twitter:data1\" content=\"1 minuto\" \/>\n<script type=\"application\/ld+json\" class=\"yoast-schema-graph\">{\"@context\":\"https:\\\/\\\/schema.org\",\"@graph\":[{\"@type\":\"WebPage\",\"@id\":\"https:\\\/\\\/cklcomunicaciones.es\\\/coop\\\/en\\\/legal-notice\\\/\",\"url\":\"https:\\\/\\\/cklcomunicaciones.es\\\/coop\\\/en\\\/legal-notice\\\/\",\"name\":\"Aviso Legal y Pol\u00edtica de privacidad - CKL Comunicaciones Coop\",\"isPartOf\":{\"@id\":\"https:\\\/\\\/cklcomunicaciones.es\\\/coop\\\/#website\"},\"datePublished\":\"2017-03-22T11:43:10+00:00\",\"dateModified\":\"2024-08-28T12:58:34+00:00\",\"description\":\"Aviso legal y pol\u00edtica de privacidad en sitio web de CKL Comunicaciones Coop en cumplimiento de la legislaci\u00f3n vigente, como es preceptivo\",\"breadcrumb\":{\"@id\":\"https:\\\/\\\/cklcomunicaciones.es\\\/coop\\\/en\\\/legal-notice\\\/#breadcrumb\"},\"inLanguage\":\"es\",\"potentialAction\":[{\"@type\":\"ReadAction\",\"target\":[\"https:\\\/\\\/cklcomunicaciones.es\\\/coop\\\/en\\\/legal-notice\\\/\"]}]},{\"@type\":\"BreadcrumbList\",\"@id\":\"https:\\\/\\\/cklcomunicaciones.es\\\/coop\\\/en\\\/legal-notice\\\/#breadcrumb\",\"itemListElement\":[{\"@type\":\"ListItem\",\"position\":1,\"name\":\"Portada\",\"item\":\"https:\\\/\\\/cklcomunicaciones.es\\\/coop\\\/\"},{\"@type\":\"ListItem\",\"position\":2,\"name\":\"Legal Notice and Privacy Police\"}]},{\"@type\":\"WebSite\",\"@id\":\"https:\\\/\\\/cklcomunicaciones.es\\\/coop\\\/#website\",\"url\":\"https:\\\/\\\/cklcomunicaciones.es\\\/coop\\\/\",\"name\":\"CKL Comunicaciones\",\"description\":\"Sitio web de CKL Comunicaciones coop , la consultora de comunicaci\u00f3n y estrategia\",\"potentialAction\":[{\"@type\":\"SearchAction\",\"target\":{\"@type\":\"EntryPoint\",\"urlTemplate\":\"https:\\\/\\\/cklcomunicaciones.es\\\/coop\\\/?s={search_term_string}\"},\"query-input\":{\"@type\":\"PropertyValueSpecification\",\"valueRequired\":true,\"valueName\":\"search_term_string\"}}],\"inLanguage\":\"es\"}]}<\/script>\n<!-- \/ Yoast SEO plugin. -->","yoast_head_json":{"title":"Aviso Legal y Pol\u00edtica de privacidad - CKL Comunicaciones Coop","description":"Aviso legal y pol\u00edtica de privacidad en sitio web de CKL Comunicaciones Coop en cumplimiento de la legislaci\u00f3n vigente, como es preceptivo","robots":{"index":"index","follow":"follow","max-snippet":"max-snippet:-1","max-image-preview":"max-image-preview:large","max-video-preview":"max-video-preview:-1"},"canonical":"https:\/\/cklcomunicaciones.es\/coop\/en\/legal-notice\/","og_locale":"es_ES","og_type":"article","og_title":"Aviso Legal y Pol\u00edtica de privacidad - CKL Comunicaciones Coop","og_description":"Aviso legal y pol\u00edtica de privacidad en sitio web de CKL Comunicaciones Coop en cumplimiento de la legislaci\u00f3n vigente, como es preceptivo","og_url":"https:\/\/cklcomunicaciones.es\/coop\/en\/legal-notice\/","og_site_name":"CKL Comunicaciones","article_modified_time":"2024-08-28T12:58:34+00:00","og_image":[{"width":1200,"height":676,"url":"https:\/\/cklcomunicaciones.es\/coop\/wp-content\/uploads\/2021\/04\/CKL-MiradaDistinta-newsletter2021_1200-x-675.jpg","type":"image\/jpeg"}],"twitter_card":"summary_large_image","twitter_misc":{"Tiempo de lectura":"1 minuto"},"schema":{"@context":"https:\/\/schema.org","@graph":[{"@type":"WebPage","@id":"https:\/\/cklcomunicaciones.es\/coop\/en\/legal-notice\/","url":"https:\/\/cklcomunicaciones.es\/coop\/en\/legal-notice\/","name":"Aviso Legal y Pol\u00edtica de privacidad - CKL Comunicaciones Coop","isPartOf":{"@id":"https:\/\/cklcomunicaciones.es\/coop\/#website"},"datePublished":"2017-03-22T11:43:10+00:00","dateModified":"2024-08-28T12:58:34+00:00","description":"Aviso legal y pol\u00edtica de privacidad en sitio web de CKL Comunicaciones Coop en cumplimiento de la legislaci\u00f3n vigente, como es preceptivo","breadcrumb":{"@id":"https:\/\/cklcomunicaciones.es\/coop\/en\/legal-notice\/#breadcrumb"},"inLanguage":"es","potentialAction":[{"@type":"ReadAction","target":["https:\/\/cklcomunicaciones.es\/coop\/en\/legal-notice\/"]}]},{"@type":"BreadcrumbList","@id":"https:\/\/cklcomunicaciones.es\/coop\/en\/legal-notice\/#breadcrumb","itemListElement":[{"@type":"ListItem","position":1,"name":"Portada","item":"https:\/\/cklcomunicaciones.es\/coop\/"},{"@type":"ListItem","position":2,"name":"Legal Notice and Privacy Police"}]},{"@type":"WebSite","@id":"https:\/\/cklcomunicaciones.es\/coop\/#website","url":"https:\/\/cklcomunicaciones.es\/coop\/","name":"CKL Comunicaciones","description":"Sitio web de CKL Comunicaciones coop , la consultora de comunicaci\u00f3n y estrategia","potentialAction":[{"@type":"SearchAction","target":{"@type":"EntryPoint","urlTemplate":"https:\/\/cklcomunicaciones.es\/coop\/?s={search_term_string}"},"query-input":{"@type":"PropertyValueSpecification","valueRequired":true,"valueName":"search_term_string"}}],"inLanguage":"es"}]}},"_links":{"self":[{"href":"https:\/\/cklcomunicaciones.es\/coop\/wp-json\/wp\/v2\/pages\/13140","targetHints":{"allow":["GET"]}}],"collection":[{"href":"https:\/\/cklcomunicaciones.es\/coop\/wp-json\/wp\/v2\/pages"}],"about":[{"href":"https:\/\/cklcomunicaciones.es\/coop\/wp-json\/wp\/v2\/types\/page"}],"author":[{"embeddable":true,"href":"https:\/\/cklcomunicaciones.es\/coop\/wp-json\/wp\/v2\/users\/3"}],"replies":[{"embeddable":true,"href":"https:\/\/cklcomunicaciones.es\/coop\/wp-json\/wp\/v2\/comments?post=13140"}],"version-history":[{"count":0,"href":"https:\/\/cklcomunicaciones.es\/coop\/wp-json\/wp\/v2\/pages\/13140\/revisions"}],"wp:attachment":[{"href":"https:\/\/cklcomunicaciones.es\/coop\/wp-json\/wp\/v2\/media?parent=13140"}],"curies":[{"name":"wp","href":"https:\/\/api.w.org\/{rel}","templated":true}]}}