{"id":11067,"date":"2017-08-15T18:24:24","date_gmt":"2017-08-15T16:24:24","guid":{"rendered":"http:\/\/www.cklcomunicaciones.es\/?page_id=11067"},"modified":"2017-11-12T23:46:55","modified_gmt":"2017-11-12T22:46:55","slug":"economia-social","status":"publish","type":"page","link":"https:\/\/cklcomunicaciones.es\/coop\/economia-social\/","title":{"rendered":"Econom\u00eda social"},"content":{"rendered":"<div id=\"pl-11067\"  class=\"panel-layout\" >\n<div id=\"pg-11067-0\"  class=\"panel-grid panel-has-style\"  data-style=\"{&quot;padding&quot;:&quot;30px 30px 30px 30px&quot;,&quot;mobile_padding&quot;:&quot;0px 0px 0px 0px&quot;,&quot;background_display&quot;:&quot;tile&quot;,&quot;lsow_dark_bg&quot;:&quot;&quot;,&quot;row_stretch&quot;:&quot;full-stretched&quot;,&quot;cell_alignment&quot;:&quot;flex-start&quot;}\" >\n<div class=\"siteorigin-panels-stretch panel-row-style panel-row-style-for-11067-0\" data-stretch-type=\"full-stretched\" >\n<div id=\"pgc-11067-0-0\"  class=\"panel-grid-cell panel-grid-cell-empty\"  data-weight=\"0.100002055921\" ><\/div>\n<div id=\"pgc-11067-0-1\"  class=\"panel-grid-cell\"  data-weight=\"0.15\" >\n<div id=\"panel-11067-0-1-0\" class=\"so-panel widget widget_sow-image panel-first-child panel-last-child\" data-index=\"0\" data-style=\"{&quot;background_display&quot;:&quot;tile&quot;}\" >\n<div class=\"so-widget-sow-image so-widget-sow-image-default-eef982a7180b\">\n<div class=\"sow-image-container\">\n\t<img class=\"lazyload\" decoding=\"async\" src=\"https:\/\/cklcomunicaciones.es\/coop\/wp-content\/uploads\/2017\/06\/economia-social-corporativo-ckl-300x300.png\" data-orig-src=\"https:\/\/cklcomunicaciones.es\/coop\/wp-content\/uploads\/2017\/06\/economia-social-corporativo-ckl-300x300.png\" width=\"300\" height=\"300\" srcset=\"data:image\/svg+xml,%3Csvg%20xmlns%3D%27http%3A%2F%2Fwww.w3.org%2F2000%2Fsvg%27%20width%3D%27300%27%20height%3D%27300%27%20viewBox%3D%270%200%20300%20300%27%3E%3Crect%20width%3D%27300%27%20height%3D%27300%27%20fill-opacity%3D%220%22%2F%3E%3C%2Fsvg%3E\" data-srcset=\"https:\/\/cklcomunicaciones.es\/coop\/wp-content\/uploads\/2017\/06\/economia-social-corporativo-ckl-300x300.png 300w, https:\/\/cklcomunicaciones.es\/coop\/wp-content\/uploads\/2017\/06\/economia-social-corporativo-ckl-150x150.png 150w, https:\/\/cklcomunicaciones.es\/coop\/wp-content\/uploads\/2017\/06\/economia-social-corporativo-ckl-180x180.png 180w, https:\/\/cklcomunicaciones.es\/coop\/wp-content\/uploads\/2017\/06\/economia-social-corporativo-ckl.png 354w\" data-sizes=\"auto\" data-orig-sizes=\"(max-width: 300px) 100vw, 300px\" alt=\"economia social corporativo ckl\" \t\tclass=\"so-widget-image\"\/>\n<\/div>\n<\/div>\n<\/div>\n<\/div>\n<div id=\"pgc-11067-0-2\"  class=\"panel-grid-cell\"  data-weight=\"0.499473684211\" >\n<div id=\"panel-11067-0-2-0\" class=\"so-panel widget widget_sow-editor panel-first-child panel-last-child\" data-index=\"1\" data-style=\"{&quot;background_display&quot;:&quot;tile&quot;}\" >\n<div class=\"so-widget-sow-editor so-widget-sow-editor-base\">\n<div class=\"siteorigin-widget-tinymce textwidget\">\n<p><span style=\"color: #ff0000;\">CKL Comunicaciones Coop<\/span> ofrece servicios de consultor\u00eda y asesoramiento en materia de econom\u00eda social para aquellas empresas, organizaciones y entidades relacionadas con esta f\u00f3rmula empresarial desde una perspectiva integrada, orientada a beneficios y rendimientos empresariales y profesionales.<\/p>\n<\/div>\n<\/div>\n<\/div>\n<\/div>\n<div id=\"pgc-11067-0-3\"  class=\"panel-grid-cell panel-grid-cell-mobile-last\"  data-weight=\"0.150526315789\" >\n<div id=\"panel-11067-0-3-0\" class=\"so-panel widget widget_mo-button panel-first-child panel-last-child\" data-index=\"2\" >\n<div class=\"so-widget-mo-button so-widget-mo-button-default-d75171398898\">\n<div style=\"text-align:center;float:center;\"><a class= \"button  red rounded\" href=\"https:\/\/cklcomunicaciones.es\/coop\/porfolio\/\" target=\"_blank\">M\u00e1s servicios<\/a><\/div>\n<\/div>\n<\/div>\n<\/div>\n<div id=\"pgc-11067-0-4\"  class=\"panel-grid-cell panel-grid-cell-empty\"  data-weight=\"0.0999979440789\" ><\/div>\n<\/div>\n<\/div>\n<\/div>\n","protected":false},"excerpt":{"rendered":"<p>CKL Comunicaciones Coop ofrece servicios de consultor\u00eda y asesoramiento en <a href=\"https:\/\/cklcomunicaciones.es\/coop\/economia-social\/\">[&#8230;]<\/a><\/p>\n","protected":false},"author":3,"featured_media":0,"parent":0,"menu_order":0,"comment_status":"closed","ping_status":"closed","template":"template-full-width.php","meta":{"footnotes":""},"class_list":["post-11067","page","type-page","status-publish","hentry"],"yoast_head":"<!-- This site is optimized with the Yoast SEO plugin v27.4 - https:\/\/yoast.com\/product\/yoast-seo-wordpress\/ -->\n<title>Asesoramiento en econom\u00eda social para organizaciones y entidades<\/title>\n<meta name=\"description\" content=\"Consultor\u00eda de econom\u00eda social para empresas y organizaciones y desde una perspectiva integrada, orientada a rendimientos empresariales y profesionales\" \/>\n<meta name=\"robots\" content=\"index, follow, max-snippet:-1, max-image-preview:large, max-video-preview:-1\" \/>\n<link rel=\"canonical\" href=\"https:\/\/cklcomunicaciones.es\/coop\/economia-social\/\" \/>\n<meta property=\"og:locale\" content=\"es_ES\" \/>\n<meta property=\"og:type\" content=\"article\" \/>\n<meta property=\"og:title\" content=\"Asesoramiento en econom\u00eda social para organizaciones y entidades\" \/>\n<meta property=\"og:description\" content=\"Consultor\u00eda de econom\u00eda social para empresas y organizaciones y desde una perspectiva integrada, orientada a rendimientos empresariales y profesionales\" \/>\n<meta property=\"og:url\" content=\"https:\/\/cklcomunicaciones.es\/coop\/economia-social\/\" \/>\n<meta property=\"og:site_name\" content=\"CKL Comunicaciones\" \/>\n<meta property=\"article:modified_time\" content=\"2017-11-12T22:46:55+00:00\" \/>\n<meta property=\"og:image\" content=\"https:\/\/cklcomunicaciones.es\/coop\/wp-content\/uploads\/2017\/06\/economia-social-corporativo-ckl-300x300.png\" \/>\n<meta name=\"twitter:card\" content=\"summary_large_image\" \/>\n<script type=\"application\/ld+json\" class=\"yoast-schema-graph\">{\"@context\":\"https:\\\/\\\/schema.org\",\"@graph\":[{\"@type\":\"WebPage\",\"@id\":\"https:\\\/\\\/cklcomunicaciones.es\\\/coop\\\/economia-social\\\/\",\"url\":\"https:\\\/\\\/cklcomunicaciones.es\\\/coop\\\/economia-social\\\/\",\"name\":\"Asesoramiento en econom\u00eda social para organizaciones y entidades\",\"isPartOf\":{\"@id\":\"https:\\\/\\\/cklcomunicaciones.es\\\/coop\\\/#website\"},\"primaryImageOfPage\":{\"@id\":\"https:\\\/\\\/cklcomunicaciones.es\\\/coop\\\/economia-social\\\/#primaryimage\"},\"image\":{\"@id\":\"https:\\\/\\\/cklcomunicaciones.es\\\/coop\\\/economia-social\\\/#primaryimage\"},\"thumbnailUrl\":\"https:\\\/\\\/cklcomunicaciones.es\\\/coop\\\/wp-content\\\/uploads\\\/2017\\\/06\\\/economia-social-corporativo-ckl-300x300.png\",\"datePublished\":\"2017-08-15T16:24:24+00:00\",\"dateModified\":\"2017-11-12T22:46:55+00:00\",\"description\":\"Consultor\u00eda de econom\u00eda social para empresas y organizaciones y desde una perspectiva integrada, orientada a rendimientos empresariales y profesionales\",\"breadcrumb\":{\"@id\":\"https:\\\/\\\/cklcomunicaciones.es\\\/coop\\\/economia-social\\\/#breadcrumb\"},\"inLanguage\":\"es\",\"potentialAction\":[{\"@type\":\"ReadAction\",\"target\":[\"https:\\\/\\\/cklcomunicaciones.es\\\/coop\\\/economia-social\\\/\"]}]},{\"@type\":\"ImageObject\",\"inLanguage\":\"es\",\"@id\":\"https:\\\/\\\/cklcomunicaciones.es\\\/coop\\\/economia-social\\\/#primaryimage\",\"url\":\"https:\\\/\\\/cklcomunicaciones.es\\\/coop\\\/wp-content\\\/uploads\\\/2017\\\/06\\\/economia-social-corporativo-ckl.png\",\"contentUrl\":\"https:\\\/\\\/cklcomunicaciones.es\\\/coop\\\/wp-content\\\/uploads\\\/2017\\\/06\\\/economia-social-corporativo-ckl.png\",\"width\":354,\"height\":354,\"caption\":\"economia social corporativo ckl\"},{\"@type\":\"BreadcrumbList\",\"@id\":\"https:\\\/\\\/cklcomunicaciones.es\\\/coop\\\/economia-social\\\/#breadcrumb\",\"itemListElement\":[{\"@type\":\"ListItem\",\"position\":1,\"name\":\"Portada\",\"item\":\"https:\\\/\\\/cklcomunicaciones.es\\\/coop\\\/\"},{\"@type\":\"ListItem\",\"position\":2,\"name\":\"Econom\u00eda social\"}]},{\"@type\":\"WebSite\",\"@id\":\"https:\\\/\\\/cklcomunicaciones.es\\\/coop\\\/#website\",\"url\":\"https:\\\/\\\/cklcomunicaciones.es\\\/coop\\\/\",\"name\":\"CKL Comunicaciones\",\"description\":\"Sitio web de CKL Comunicaciones coop , la consultora de comunicaci\u00f3n y estrategia\",\"potentialAction\":[{\"@type\":\"SearchAction\",\"target\":{\"@type\":\"EntryPoint\",\"urlTemplate\":\"https:\\\/\\\/cklcomunicaciones.es\\\/coop\\\/?s={search_term_string}\"},\"query-input\":{\"@type\":\"PropertyValueSpecification\",\"valueRequired\":true,\"valueName\":\"search_term_string\"}}],\"inLanguage\":\"es\"}]}<\/script>\n<!-- \/ Yoast SEO plugin. -->","yoast_head_json":{"title":"Asesoramiento en econom\u00eda social para organizaciones y entidades","description":"Consultor\u00eda de econom\u00eda social para empresas y organizaciones y desde una perspectiva integrada, orientada a rendimientos empresariales y profesionales","robots":{"index":"index","follow":"follow","max-snippet":"max-snippet:-1","max-image-preview":"max-image-preview:large","max-video-preview":"max-video-preview:-1"},"canonical":"https:\/\/cklcomunicaciones.es\/coop\/economia-social\/","og_locale":"es_ES","og_type":"article","og_title":"Asesoramiento en econom\u00eda social para organizaciones y entidades","og_description":"Consultor\u00eda de econom\u00eda social para empresas y organizaciones y desde una perspectiva integrada, orientada a rendimientos empresariales y profesionales","og_url":"https:\/\/cklcomunicaciones.es\/coop\/economia-social\/","og_site_name":"CKL Comunicaciones","article_modified_time":"2017-11-12T22:46:55+00:00","og_image":[{"url":"https:\/\/cklcomunicaciones.es\/coop\/wp-content\/uploads\/2017\/06\/economia-social-corporativo-ckl-300x300.png","type":"","width":"","height":""}],"twitter_card":"summary_large_image","schema":{"@context":"https:\/\/schema.org","@graph":[{"@type":"WebPage","@id":"https:\/\/cklcomunicaciones.es\/coop\/economia-social\/","url":"https:\/\/cklcomunicaciones.es\/coop\/economia-social\/","name":"Asesoramiento en econom\u00eda social para organizaciones y entidades","isPartOf":{"@id":"https:\/\/cklcomunicaciones.es\/coop\/#website"},"primaryImageOfPage":{"@id":"https:\/\/cklcomunicaciones.es\/coop\/economia-social\/#primaryimage"},"image":{"@id":"https:\/\/cklcomunicaciones.es\/coop\/economia-social\/#primaryimage"},"thumbnailUrl":"https:\/\/cklcomunicaciones.es\/coop\/wp-content\/uploads\/2017\/06\/economia-social-corporativo-ckl-300x300.png","datePublished":"2017-08-15T16:24:24+00:00","dateModified":"2017-11-12T22:46:55+00:00","description":"Consultor\u00eda de econom\u00eda social para empresas y organizaciones y desde una perspectiva integrada, orientada a rendimientos empresariales y profesionales","breadcrumb":{"@id":"https:\/\/cklcomunicaciones.es\/coop\/economia-social\/#breadcrumb"},"inLanguage":"es","potentialAction":[{"@type":"ReadAction","target":["https:\/\/cklcomunicaciones.es\/coop\/economia-social\/"]}]},{"@type":"ImageObject","inLanguage":"es","@id":"https:\/\/cklcomunicaciones.es\/coop\/economia-social\/#primaryimage","url":"https:\/\/cklcomunicaciones.es\/coop\/wp-content\/uploads\/2017\/06\/economia-social-corporativo-ckl.png","contentUrl":"https:\/\/cklcomunicaciones.es\/coop\/wp-content\/uploads\/2017\/06\/economia-social-corporativo-ckl.png","width":354,"height":354,"caption":"economia social corporativo ckl"},{"@type":"BreadcrumbList","@id":"https:\/\/cklcomunicaciones.es\/coop\/economia-social\/#breadcrumb","itemListElement":[{"@type":"ListItem","position":1,"name":"Portada","item":"https:\/\/cklcomunicaciones.es\/coop\/"},{"@type":"ListItem","position":2,"name":"Econom\u00eda social"}]},{"@type":"WebSite","@id":"https:\/\/cklcomunicaciones.es\/coop\/#website","url":"https:\/\/cklcomunicaciones.es\/coop\/","name":"CKL Comunicaciones","description":"Sitio web de CKL Comunicaciones coop , la consultora de comunicaci\u00f3n y estrategia","potentialAction":[{"@type":"SearchAction","target":{"@type":"EntryPoint","urlTemplate":"https:\/\/cklcomunicaciones.es\/coop\/?s={search_term_string}"},"query-input":{"@type":"PropertyValueSpecification","valueRequired":true,"valueName":"search_term_string"}}],"inLanguage":"es"}]}},"_links":{"self":[{"href":"https:\/\/cklcomunicaciones.es\/coop\/wp-json\/wp\/v2\/pages\/11067","targetHints":{"allow":["GET"]}}],"collection":[{"href":"https:\/\/cklcomunicaciones.es\/coop\/wp-json\/wp\/v2\/pages"}],"about":[{"href":"https:\/\/cklcomunicaciones.es\/coop\/wp-json\/wp\/v2\/types\/page"}],"author":[{"embeddable":true,"href":"https:\/\/cklcomunicaciones.es\/coop\/wp-json\/wp\/v2\/users\/3"}],"replies":[{"embeddable":true,"href":"https:\/\/cklcomunicaciones.es\/coop\/wp-json\/wp\/v2\/comments?post=11067"}],"version-history":[{"count":0,"href":"https:\/\/cklcomunicaciones.es\/coop\/wp-json\/wp\/v2\/pages\/11067\/revisions"}],"wp:attachment":[{"href":"https:\/\/cklcomunicaciones.es\/coop\/wp-json\/wp\/v2\/media?parent=11067"}],"curies":[{"name":"wp","href":"https:\/\/api.w.org\/{rel}","templated":true}]}}